{"id":21,"date":"2020-04-17T18:52:22","date_gmt":"2020-04-17T18:52:22","guid":{"rendered":"http:\/\/apartmanmezistromy.cz\/?page_id=21"},"modified":"2022-06-01T08:22:51","modified_gmt":"2022-06-01T08:22:51","slug":"o-nas","status":"publish","type":"page","link":"https:\/\/apartmanmezistromy.cz\/de\/o-nas\/","title":{"rendered":"O n\u00e1s"},"content":{"rendered":"\n<p>Chcete pro\u017e\u00edt kr\u00e1snou dovolenou? Odpo\u010dinout si od v\u0161edn\u00edch starost\u00ed a \u00fakol\u016f? <\/p>\n\n\n\n<p>Nab\u00edz\u00edme:<\/p>\n\n\n\n<ul class=\"wp-block-list\"><li>okouzluj\u00edc\u00ed p\u0159\u00edrodu z\u00e1padn\u00edch Krkono\u0161<\/li><li>mo\u017enost aktivn\u00edho i pasivn\u00edho vy\u017eit\u00ed<\/li><li>nep\u0159ebern\u00e9 mno\u017estv\u00ed turistick\u00fdch c\u00edl\u016f<ul><li><\/li><li>Je jen na V\u00e1s, jak\u00e9 ro\u010dn\u00ed obdob\u00ed si vyberete, jak\u00fd program si zvol\u00edte :).<\/li><\/ul><\/li><\/ul>\n\n\n\n<hr class=\"wp-block-separator\"\/>\n\n\n\n<script src=\"https:\/\/obsazenost.e-chalupy.cz\/resize.js\"><\/script>\n<iframe loading=\"lazy\" src=\"https:\/\/obsazenost.e-chalupy.cz\/kalendar.php?id=7830&#038;legenda=ano&#038;jednotky=ano&#038;pocetMesicu=12&#038;velikost=2\" height=\"460px\" width=\"100%\" frameborder=\"0\" id=\"echalupy-kalendar\"><\/iframe>\n\n\n\n<ul class=\"wp-block-list\"><li>okouzluj\u00edc\u00ed p\u0159\u00edrodu z\u00e1padn\u00edch Krkono\u0161<\/li><li>mo\u017enost aktivn\u00edho i pasivn\u00edho vy\u017eit\u00ed<\/li><li>nep\u0159ebern\u00e9 mno\u017estv\u00ed turistick\u00fdch c\u00edl\u016f<ul><li><\/li><li>Je jen na V\u00e1s, jak\u00e9 ro\u010dn\u00ed obdob\u00ed si vyberete, jak\u00fd program si zvol\u00edte :).<\/li><\/ul><\/li><\/ul>\n\n\n\n<p><\/p>\n","protected":false},"excerpt":{"rendered":"<p>Chcete pro\u017e\u00edt kr\u00e1snou dovolenou? Odpo\u010dinout si od v\u0161edn\u00edch starost\u00ed a \u00fakol\u016f? Nab\u00edz\u00edme: okouzluj\u00edc\u00ed p\u0159\u00edrodu z\u00e1padn\u00edch Krkono\u0161 mo\u017enost aktivn\u00edho i pasivn\u00edho vy\u017eit\u00ed nep\u0159ebern\u00e9 mno\u017estv\u00ed turistick\u00fdch c\u00edl\u016f Je jen na V\u00e1s, jak\u00e9 ro\u010dn\u00ed obdob\u00ed si vyberete, jak\u00fd program si zvol\u00edte :). okouzluj\u00edc\u00ed p\u0159\u00edrodu z\u00e1padn\u00edch Krkono\u0161 mo\u017enost aktivn\u00edho i pasivn\u00edho vy\u017eit\u00ed nep\u0159ebern\u00e9 mno\u017estv\u00ed &hellip;<\/p>\n","protected":false},"author":1,"featured_media":466,"parent":0,"menu_order":0,"comment_status":"closed","ping_status":"closed","template":"","meta":{"footnotes":""},"class_list":["post-21","page","type-page","status-publish","has-post-thumbnail","hentry"],"_links":{"self":[{"href":"https:\/\/apartmanmezistromy.cz\/de\/wp-json\/wp\/v2\/pages\/21","targetHints":{"allow":["GET"]}}],"collection":[{"href":"https:\/\/apartmanmezistromy.cz\/de\/wp-json\/wp\/v2\/pages"}],"about":[{"href":"https:\/\/apartmanmezistromy.cz\/de\/wp-json\/wp\/v2\/types\/page"}],"author":[{"embeddable":true,"href":"https:\/\/apartmanmezistromy.cz\/de\/wp-json\/wp\/v2\/users\/1"}],"replies":[{"embeddable":true,"href":"https:\/\/apartmanmezistromy.cz\/de\/wp-json\/wp\/v2\/comments?post=21"}],"version-history":[{"count":10,"href":"https:\/\/apartmanmezistromy.cz\/de\/wp-json\/wp\/v2\/pages\/21\/revisions"}],"predecessor-version":[{"id":465,"href":"https:\/\/apartmanmezistromy.cz\/de\/wp-json\/wp\/v2\/pages\/21\/revisions\/465"}],"wp:featuredmedia":[{"embeddable":true,"href":"https:\/\/apartmanmezistromy.cz\/de\/wp-json\/wp\/v2\/media\/466"}],"wp:attachment":[{"href":"https:\/\/apartmanmezistromy.cz\/de\/wp-json\/wp\/v2\/media?parent=21"}],"curies":[{"name":"wp","href":"https:\/\/api.w.org\/{rel}","templated":true}]}}

O nás

<p>Chcete prožít krásnou dovolenou? Odpočinout si od všedních starostí a úkolů? </p>



<p>Nabízíme:</p>



<ul class="wp-block-list"><li>okouzlující přírodu západních Krkonoš</li><li>možnost aktivního i pasivního vyžití</li><li>nepřeberné množství turistických cílů<ul><li></li><li>Je jen na Vás, jaké roční období si vyberete, jaký program si zvolíte :).</li></ul></li></ul>



<hr class="wp-block-separator"/>



<script src="https://obsazenost.e-chalupy.cz/resize.js"></script>
<iframe loading="lazy" src="https://obsazenost.e-chalupy.cz/kalendar.php?id=7830&#038;legenda=ano&#038;jednotky=ano&#038;pocetMesicu=12&#038;velikost=2" height="460px" width="100%" frameborder="0" id="echalupy-kalendar"></iframe>



<ul class="wp-block-list"><li>okouzlující přírodu západních Krkonoš</li><li>možnost aktivního i pasivního vyžití</li><li>nepřeberné množství turistických cílů<ul><li></li><li>Je jen na Vás, jaké roční období si vyberete, jaký program si zvolíte :).</li></ul></li></ul>



<p></p>

<p>Chcete prožít krásnou dovolenou? Odpočinout si od všedních starostí a úkolů? Nabízíme: okouzlující přírodu západních Krkonoš možnost aktivního i pasivního vyžití nepřeberné množství turistických cílů Je jen na Vás, jaké roční období si vyberete, jaký program si zvolíte :). okouzlující přírodu západních Krkonoš možnost aktivního i pasivního vyžití nepřeberné množství &hellip;</p>
